
{"id":2836,"date":"2024-08-14T11:42:26","date_gmt":"2024-08-14T10:42:26","guid":{"rendered":"https:\/\/denako.sk\/ekatalog\/?post_type=product&#038;p=2836"},"modified":"2026-01-28T09:41:52","modified_gmt":"2026-01-28T09:41:52","slug":"pracovny-kufrik-systainer%c2%b3-xxl337","status":"publish","type":"product","link":"https:\/\/denako.sk\/ekatalog\/produkt\/pracovny-kufrik-systainer%c2%b3-xxl337\/","title":{"rendered":"Pracovn\u00fd kufr\u00edk Systainer\u00b3 XXL 337"},"content":{"rendered":"<ul>\n<li>Vonkaj\u0161ie rozmery \u0160xHxV: 792 x 296 x 337mm,<\/li>\n<li>Praktick\u00fd a robustn\u00fd syst\u00e9m na bezpe\u010dn\u00fa prepravu a organiz\u00e1ciu n\u00e1strojov, ru\u010dn\u00e9ho n\u00e1radia, v\u00e4\u010d\u0161\u00edch dielov a spotrebn\u00e9ho materi\u00e1lu,<\/li>\n<li>Ovl\u00e1dac\u00ed prvok T-LOC: otv\u00e1ranie, zatv\u00e1ranie a stohovanie iba jedn\u00fdm oto\u010den\u00edm,<\/li>\n<li>Mo\u017enos\u0165 vlo\u017ei\u0165 popisn\u00e9 \u0161t\u00edtky vo ve\u013ekosti kreditnej karty,<\/li>\n<li>Kompatibiln\u00e9 s ostatn\u00fdmi produktmi Systainer,<\/li>\n<li>Nosnos\u0165 rukov\u00e4te: 20 kg (pri stohovan\u00ed 40 kg),<\/li>\n<li>Integr\u00e1cia s reg\u00e1lov\u00fdm syst\u00e9mom do vozidiel bott vario3,<\/li>\n<li>Materi\u00e1l ABS.<\/li>\n<\/ul>\n<p><em>Doba dodania 3 &#8211; 4 t\u00fd\u017edne.<\/em><\/p>\n","protected":false},"excerpt":{"rendered":"<p>Pracovn\u00fd kufr\u00edk Systainer\u00b3 XXL 337, \u0160xHxV: 792 x 296 x 337mm<\/p>\n","protected":false},"featured_media":2837,"template":"","meta":[],"product_cat":[223],"product_tag":[],"class_list":{"0":"post-2836","1":"product","2":"type-product","3":"status-publish","4":"has-post-thumbnail","6":"product_cat-pracovne-kufriky-systainer3","8":"first","9":"instock","10":"taxable","11":"shipping-taxable","12":"product-type-simple"},"yoast_head":"<!-- This site is optimized with the Yoast SEO plugin v23.1 - https:\/\/yoast.com\/wordpress\/plugins\/seo\/ -->\n<title>Pracovn\u00fd kufr\u00edk Systainer\u00b3 XXL 337<\/title>\n<meta name=\"robots\" content=\"index, follow, max-snippet:-1, max-image-preview:large, max-video-preview:-1\" \/>\n<link rel=\"canonical\" href=\"https:\/\/denako.sk\/ekatalog\/produkt\/pracovny-kufrik-systainer\u00b3-xxl337\/\" \/>\n<meta property=\"og:locale\" content=\"sk_SK\" \/>\n<meta property=\"og:type\" content=\"article\" \/>\n<meta property=\"og:title\" content=\"Pracovn\u00fd kufr\u00edk Systainer\u00b3 XXL 337\" \/>\n<meta property=\"og:description\" content=\"Pracovn\u00fd kufr\u00edk Systainer\u00b3 XXL 337, \u0160xHxV: 792 x 296 x 337mm\" \/>\n<meta property=\"og:url\" content=\"https:\/\/denako.sk\/ekatalog\/produkt\/pracovny-kufrik-systainer\u00b3-xxl337\/\" \/>\n<meta property=\"article:modified_time\" content=\"2026-01-28T09:41:52+00:00\" \/>\n<meta property=\"og:image\" content=\"https:\/\/denako.sk\/ekatalog\/wp-content\/uploads\/2024\/08\/systainer3_xxl337.jpg\" \/>\n\t<meta property=\"og:image:width\" content=\"1600\" \/>\n\t<meta property=\"og:image:height\" content=\"1600\" \/>\n\t<meta property=\"og:image:type\" content=\"image\/jpeg\" \/>\n<meta name=\"twitter:card\" content=\"summary_large_image\" \/>\n<meta name=\"twitter:label1\" content=\"Predpokladan\u00fd \u010das \u010d\u00edtania\" \/>\n\t<meta name=\"twitter:data1\" content=\"1 min\u00fata\" \/>\n<script type=\"application\/ld+json\" class=\"yoast-schema-graph\">{\"@context\":\"https:\/\/schema.org\",\"@graph\":[{\"@type\":\"WebPage\",\"@id\":\"https:\/\/denako.sk\/ekatalog\/produkt\/pracovny-kufrik-systainer%c2%b3-xxl337\/\",\"url\":\"https:\/\/denako.sk\/ekatalog\/produkt\/pracovny-kufrik-systainer%c2%b3-xxl337\/\",\"name\":\"Pracovn\u00fd kufr\u00edk Systainer\u00b3 XXL 337\",\"isPartOf\":{\"@id\":\"http:\/\/denako.sk\/ekatalog\/#website\"},\"primaryImageOfPage\":{\"@id\":\"https:\/\/denako.sk\/ekatalog\/produkt\/pracovny-kufrik-systainer%c2%b3-xxl337\/#primaryimage\"},\"image\":{\"@id\":\"https:\/\/denako.sk\/ekatalog\/produkt\/pracovny-kufrik-systainer%c2%b3-xxl337\/#primaryimage\"},\"thumbnailUrl\":\"https:\/\/denako.sk\/ekatalog\/wp-content\/uploads\/2024\/08\/systainer3_xxl337.jpg\",\"datePublished\":\"2024-08-14T10:42:26+00:00\",\"dateModified\":\"2026-01-28T09:41:52+00:00\",\"breadcrumb\":{\"@id\":\"https:\/\/denako.sk\/ekatalog\/produkt\/pracovny-kufrik-systainer%c2%b3-xxl337\/#breadcrumb\"},\"inLanguage\":\"sk-SK\",\"potentialAction\":[{\"@type\":\"ReadAction\",\"target\":[\"https:\/\/denako.sk\/ekatalog\/produkt\/pracovny-kufrik-systainer%c2%b3-xxl337\/\"]}]},{\"@type\":\"ImageObject\",\"inLanguage\":\"sk-SK\",\"@id\":\"https:\/\/denako.sk\/ekatalog\/produkt\/pracovny-kufrik-systainer%c2%b3-xxl337\/#primaryimage\",\"url\":\"https:\/\/denako.sk\/ekatalog\/wp-content\/uploads\/2024\/08\/systainer3_xxl337.jpg\",\"contentUrl\":\"https:\/\/denako.sk\/ekatalog\/wp-content\/uploads\/2024\/08\/systainer3_xxl337.jpg\",\"width\":1600,\"height\":1600},{\"@type\":\"BreadcrumbList\",\"@id\":\"https:\/\/denako.sk\/ekatalog\/produkt\/pracovny-kufrik-systainer%c2%b3-xxl337\/#breadcrumb\",\"itemListElement\":[{\"@type\":\"ListItem\",\"position\":1,\"name\":\"Hlavn\u00e1 str\u00e1nka\",\"item\":\"http:\/\/denako.sk\/ekatalog\/\"},{\"@type\":\"ListItem\",\"position\":2,\"name\":\"Produkty\",\"item\":\"http:\/\/denako.sk\/ekatalog\/shop\/\"},{\"@type\":\"ListItem\",\"position\":3,\"name\":\"Pracovn\u00e9 kufr\u00edky Systainer\u00b3\",\"item\":\"https:\/\/denako.sk\/ekatalog\/kategoria\/pracovne-kufriky-systainer3\/\"},{\"@type\":\"ListItem\",\"position\":4,\"name\":\"Pracovn\u00fd kufr\u00edk Systainer\u00b3 XXL 337\"}]},{\"@type\":\"WebSite\",\"@id\":\"http:\/\/denako.sk\/ekatalog\/#website\",\"url\":\"http:\/\/denako.sk\/ekatalog\/\",\"name\":\"\",\"description\":\"\",\"publisher\":{\"@id\":\"http:\/\/denako.sk\/ekatalog\/#organization\"},\"potentialAction\":[{\"@type\":\"SearchAction\",\"target\":{\"@type\":\"EntryPoint\",\"urlTemplate\":\"http:\/\/denako.sk\/ekatalog\/?s={search_term_string}\"},\"query-input\":\"required name=search_term_string\"}],\"inLanguage\":\"sk-SK\"},{\"@type\":\"Organization\",\"@id\":\"http:\/\/denako.sk\/ekatalog\/#organization\",\"name\":\"Denako, s.r.o.\",\"url\":\"http:\/\/denako.sk\/ekatalog\/\",\"logo\":{\"@type\":\"ImageObject\",\"inLanguage\":\"sk-SK\",\"@id\":\"http:\/\/denako.sk\/ekatalog\/#\/schema\/logo\/image\/\",\"url\":\"http:\/\/localhost\/ekatalog\/wp-content\/uploads\/2017\/06\/logo.png\",\"contentUrl\":\"http:\/\/localhost\/ekatalog\/wp-content\/uploads\/2017\/06\/logo.png\",\"width\":231,\"height\":41,\"caption\":\"Denako, s.r.o.\"},\"image\":{\"@id\":\"http:\/\/denako.sk\/ekatalog\/#\/schema\/logo\/image\/\"},\"sameAs\":[\"https:\/\/www.youtube.com\/channel\/UCTJjjLI7vFxEVKX9tkRSZhw\"]}]}<\/script>\n<!-- \/ Yoast SEO plugin. -->","yoast_head_json":{"title":"Pracovn\u00fd kufr\u00edk Systainer\u00b3 XXL 337","robots":{"index":"index","follow":"follow","max-snippet":"max-snippet:-1","max-image-preview":"max-image-preview:large","max-video-preview":"max-video-preview:-1"},"canonical":"https:\/\/denako.sk\/ekatalog\/produkt\/pracovny-kufrik-systainer\u00b3-xxl337\/","og_locale":"sk_SK","og_type":"article","og_title":"Pracovn\u00fd kufr\u00edk Systainer\u00b3 XXL 337","og_description":"Pracovn\u00fd kufr\u00edk Systainer\u00b3 XXL 337, \u0160xHxV: 792 x 296 x 337mm","og_url":"https:\/\/denako.sk\/ekatalog\/produkt\/pracovny-kufrik-systainer\u00b3-xxl337\/","article_modified_time":"2026-01-28T09:41:52+00:00","og_image":[{"width":1600,"height":1600,"url":"https:\/\/denako.sk\/ekatalog\/wp-content\/uploads\/2024\/08\/systainer3_xxl337.jpg","type":"image\/jpeg"}],"twitter_card":"summary_large_image","twitter_misc":{"Predpokladan\u00fd \u010das \u010d\u00edtania":"1 min\u00fata"},"schema":{"@context":"https:\/\/schema.org","@graph":[{"@type":"WebPage","@id":"https:\/\/denako.sk\/ekatalog\/produkt\/pracovny-kufrik-systainer%c2%b3-xxl337\/","url":"https:\/\/denako.sk\/ekatalog\/produkt\/pracovny-kufrik-systainer%c2%b3-xxl337\/","name":"Pracovn\u00fd kufr\u00edk Systainer\u00b3 XXL 337","isPartOf":{"@id":"http:\/\/denako.sk\/ekatalog\/#website"},"primaryImageOfPage":{"@id":"https:\/\/denako.sk\/ekatalog\/produkt\/pracovny-kufrik-systainer%c2%b3-xxl337\/#primaryimage"},"image":{"@id":"https:\/\/denako.sk\/ekatalog\/produkt\/pracovny-kufrik-systainer%c2%b3-xxl337\/#primaryimage"},"thumbnailUrl":"https:\/\/denako.sk\/ekatalog\/wp-content\/uploads\/2024\/08\/systainer3_xxl337.jpg","datePublished":"2024-08-14T10:42:26+00:00","dateModified":"2026-01-28T09:41:52+00:00","breadcrumb":{"@id":"https:\/\/denako.sk\/ekatalog\/produkt\/pracovny-kufrik-systainer%c2%b3-xxl337\/#breadcrumb"},"inLanguage":"sk-SK","potentialAction":[{"@type":"ReadAction","target":["https:\/\/denako.sk\/ekatalog\/produkt\/pracovny-kufrik-systainer%c2%b3-xxl337\/"]}]},{"@type":"ImageObject","inLanguage":"sk-SK","@id":"https:\/\/denako.sk\/ekatalog\/produkt\/pracovny-kufrik-systainer%c2%b3-xxl337\/#primaryimage","url":"https:\/\/denako.sk\/ekatalog\/wp-content\/uploads\/2024\/08\/systainer3_xxl337.jpg","contentUrl":"https:\/\/denako.sk\/ekatalog\/wp-content\/uploads\/2024\/08\/systainer3_xxl337.jpg","width":1600,"height":1600},{"@type":"BreadcrumbList","@id":"https:\/\/denako.sk\/ekatalog\/produkt\/pracovny-kufrik-systainer%c2%b3-xxl337\/#breadcrumb","itemListElement":[{"@type":"ListItem","position":1,"name":"Hlavn\u00e1 str\u00e1nka","item":"http:\/\/denako.sk\/ekatalog\/"},{"@type":"ListItem","position":2,"name":"Produkty","item":"http:\/\/denako.sk\/ekatalog\/shop\/"},{"@type":"ListItem","position":3,"name":"Pracovn\u00e9 kufr\u00edky Systainer\u00b3","item":"https:\/\/denako.sk\/ekatalog\/kategoria\/pracovne-kufriky-systainer3\/"},{"@type":"ListItem","position":4,"name":"Pracovn\u00fd kufr\u00edk Systainer\u00b3 XXL 337"}]},{"@type":"WebSite","@id":"http:\/\/denako.sk\/ekatalog\/#website","url":"http:\/\/denako.sk\/ekatalog\/","name":"","description":"","publisher":{"@id":"http:\/\/denako.sk\/ekatalog\/#organization"},"potentialAction":[{"@type":"SearchAction","target":{"@type":"EntryPoint","urlTemplate":"http:\/\/denako.sk\/ekatalog\/?s={search_term_string}"},"query-input":"required name=search_term_string"}],"inLanguage":"sk-SK"},{"@type":"Organization","@id":"http:\/\/denako.sk\/ekatalog\/#organization","name":"Denako, s.r.o.","url":"http:\/\/denako.sk\/ekatalog\/","logo":{"@type":"ImageObject","inLanguage":"sk-SK","@id":"http:\/\/denako.sk\/ekatalog\/#\/schema\/logo\/image\/","url":"http:\/\/localhost\/ekatalog\/wp-content\/uploads\/2017\/06\/logo.png","contentUrl":"http:\/\/localhost\/ekatalog\/wp-content\/uploads\/2017\/06\/logo.png","width":231,"height":41,"caption":"Denako, s.r.o."},"image":{"@id":"http:\/\/denako.sk\/ekatalog\/#\/schema\/logo\/image\/"},"sameAs":["https:\/\/www.youtube.com\/channel\/UCTJjjLI7vFxEVKX9tkRSZhw"]}]}},"_links":{"self":[{"href":"https:\/\/denako.sk\/ekatalog\/wp-json\/wp\/v2\/product\/2836"}],"collection":[{"href":"https:\/\/denako.sk\/ekatalog\/wp-json\/wp\/v2\/product"}],"about":[{"href":"https:\/\/denako.sk\/ekatalog\/wp-json\/wp\/v2\/types\/product"}],"wp:featuredmedia":[{"embeddable":true,"href":"https:\/\/denako.sk\/ekatalog\/wp-json\/wp\/v2\/media\/2837"}],"wp:attachment":[{"href":"https:\/\/denako.sk\/ekatalog\/wp-json\/wp\/v2\/media?parent=2836"}],"wp:term":[{"taxonomy":"product_cat","embeddable":true,"href":"https:\/\/denako.sk\/ekatalog\/wp-json\/wp\/v2\/product_cat?post=2836"},{"taxonomy":"product_tag","embeddable":true,"href":"https:\/\/denako.sk\/ekatalog\/wp-json\/wp\/v2\/product_tag?post=2836"}],"curies":[{"name":"wp","href":"https:\/\/api.w.org\/{rel}","templated":true}]}}